e
Suppose -2*q = 2*z + q - 641, 5*z + 2*q = 1575. Suppose 5*v - 2944 = d, 4*d - z = -v + 280. Is v composite?
True
Let c be 1118*-2*2/4. Is (c + 0)/((-2)/2 - 1) prime?
False
Let l(k) = 206*k + 17. Is l(10) prime?
False
Let j be (-1)/(3/((-138)/2)). Let y be ((0 + j)*5)/1. Suppose -5*s + h = -y, s - 7*h + 4*h - 37 = 0. Is s a prime number?
False
Let x be (2/(-5))/((-2)/(-4990)). Let y be (1581/(-9))/((-1)/(-3)). Let h = y - x. Is h composite?
True
Let l be 1/(1/(-15)*-3). Suppose -3*r - l*z = -1820, r + 2*z + z = 608. Suppose -r = -3*q - 50. Is q a composite number?
True
Let d(q) = 21*q - 5. Let m = 10 + -1. Let u = m - 5. Is d(u) a composite number?
False
Suppose 5*n - l - 758 = 0, -4*n + 6*l - l = -598. Suppose -4*y + 1420 = n. Is y prime?
True
Let o(x) be the second derivative of -x**5/20 + 7*x**4/4 + x**3/3 + 3*x**2 + 9*x. Is o(20) a prime number?
False
Suppose -7*f + 5214 = -f. Let i = 1504 - f. Is i composite?
True
Let x = 5947 + -2544. Is x a composite number?
True
Is (3 + -5)/(2365/(-785) + 3) a prime number?
True
Suppose 0 = -5*h + 13 - 123. Is (-26)/(-143) + (-9786)/h prime?
False
Let f be 33/6 - (-1)/(-2). Suppose f*m + 0*m = 1270. Suppose 0 = -4*w + 2*w + m. Is w composite?
False
Suppose -4*t - 12 = -2*o + 20, 0 = 4*t - 4*o + 32. Let n(s) = -92*s + 7. Is n(t) prime?
True
Suppose -4*i + 3*f = -24401, 41*i = 38*i + 3*f + 18300. Is i a prime number?
True
Let x(g) = 11*g**2 - g - 11. Let y = -90 + 82. Is x(y) a composite number?
False
Let k be ((-5)/(-2))/((-16)/(-96)). Suppose -10*n = -k*n + 2355. Is n composite?
True
Let n be ((-574)/(-21))/(1/12). Suppose y - n - 83 = 0. Let f = y - 230. Is f composite?
False
Suppose -3*h = -6*h + k + 5, 4*h = -k + 9. Is (916 - 7)*h/6 a composite number?
True
Suppose -108467 = -5*i + 20833. Suppose 4*p = p + i. Is p/30 + (-1)/3 a prime number?
False
Let m = -687 - -1377. Suppose 3*a + 3*a = m. Is a a composite number?
True
Suppose 2 = 7*q - 6*q. Suppose -q*d + 6*d = 20. Suppose -d*i + 25 = 0, -2*i = -3*o - i + 532. Is o composite?
False
Suppose 0 = -u - 3*u + 44. Let f be 6/(6/(-36)*-3). Suppose -f*r = -u*r - 587. Is r a composite number?
False
Let y(c) = -c**2 - 2*c + 228. Let w be y(0). Suppose -4*p - 6*q - w = -q, 0 = 3*q + 12. Let b = -6 - p. Is b a prime number?
False
Suppose 384277 = 10*l + 36347. Is l a composite number?
True
Let n(z) = 9*z**2 + 4*z - 12. Let q be n(4). Suppose 0 = -2*x + 190 + q. Is x a prime number?
False
Suppose 0 = 39*o - 1779601 - 167240. Is o a composite number?
False
Suppose 22*p + 49207 = 26*p - q, -5*q - 15 = 0. Is p a composite number?
False
Suppose -210*b = -203*b - 84602. Is b a prime number?
False
Let p be 23 + 2 - (-1 + 4). Let w = -17 + p. Suppose 0 = 10*s - w*s - 95. Is s a prime number?
True
Suppose -3*q + 15 = 2*q + 5*p, -q + p + 1 = 0. Suppose q*c - 9 = 1. Suppose -94 = -c*t + 21. Is t a prime number?
True
Let q(d) = -4*d**2 - 6 - 17 - 4*d + 3*d**2 - 19*d. Is q(-16) composite?
False
Suppose -t + 3*t = -4. Is 2 - (-289 + 0) - t prime?
True
Let i(t) = t**2 + 3*t - 23. Let c be i(-7). Suppose c*y - 10 = 0, -3*v - 3*y = -v - 6. Suppose v = -12*l + 9*l + 99. Is l a prime number?
False
Let t(p) = -2*p**2 + 12*p - 3. Let h be t(4). Suppose -r + 34 + h = 0. Is r prime?
True
Suppose 5*i + 206 = 9*i - 2*m, -4*m + 138 = 3*i. Is 10/i + (-15368)/(-10) composite?
True
Let r be 0/(-2) - (-6 + -1352). Suppose -2*q - 3*x + r = 0, -x + 1354 = 2*q + x. Is q a composite number?
False
Let g be (0 - (-8)/36) + 315244/36. Suppose -8*y - y + g = 0. Is y composite?
True
Let j = -23 - -15. Let r(x) = 6*x**2 - 3*x**2 + 7 + 21*x + 22*x + 11*x - 65*x. Is r(j) composite?
True
Suppose -3*d = -3*l - 128775, -4*d = -4*l - l - 171702. Is d composite?
False
Let k(y) = 50*y**2 - 35*y - 52. Is k(-21) prime?
False
Suppose -6518 - 18074 = -16*s. Is s composite?
True
Let t = 1420 + -499. Is t a composite number?
True
Let l be (-545)/(-20) - (-2)/(-8). Suppose -l*y = -32*y + 10. Suppose -h + 2*j + 2115 = y*h, 2*h = 2*j + 1408. Is h prime?
False
Let j(m) = -2*m + 9. Let o be j(4). Let h(d) = 1155*d**2 + 11*d - 9. Let p(a) = 578*a**2 + 5*a - 4. Let b(x) = -2*h(x) + 5*p(x). Is b(o) prime?
False
Suppose d - 7 = -3. Is (-21)/(-14) + 206/d prime?
True
Is (-13)/39 - (-105884)/6 a prime number?
False
Suppose 2*n - 6*n = 3*j - 18901, -2*j + 12597 = -n. Is j prime?
True
Suppose -56 = -22*k + 8*k. Is (4 + 3 + (-1371)/(-4))*k a composite number?
False
Let i be ((-160)/(-4))/(-5) - 180. Let q be (-1 - -2)/((-1)/(-281)). Let l = i + q. Is l a composite number?
True
Let a(p) = p**3 + 3*p**2 - p + 1. Suppose -u = -1 - 1. Let d be a(u). Let h = d + -13. Is h composite?
True
Suppose 5*m - m + 6320 = 0. Let r be m*(0 - -3 - 4). Let s = r - 1093. Is s a composite number?
False
Suppose 0 = -61*r + 56*r + 223895. Is r prime?
False
Let w = -5 + -4. Let f(c) = 2*c**2 - 6*c + 19. Is f(w) a prime number?
False
Let b(z) = 1120*z**2 - 18*z - 152. Is b(-7) composite?
True
Let t = 4818 + 1531. Is t prime?
False
Let a(v) = -30*v**2 - 27*v**2 + 25*v**3 + 59*v**2 + 2*v + 14. Is a(5) prime?
False
Is (-4 - -8 - 0) + (39723 - 0) composite?
False
Let i be (-1 - (-15)/9)*-27. Let r = i + 31. Suppose 0*h = -5*x + h + 19, 0 = -3*x + h + r. Is x composite?
False
Let d(q) be the third derivative of -q**5/24 + q**4/24 - 5*q**3/6 - q**2. Let h(r) be the first derivative of d(r). Is h(-6) composite?
False
Let a(d) = -d**3 + 5*d**2 - 2*d - 4. Let w = -7 + 11. Let p be a(w). Suppose p*c - c - 261 = 0. Is c prime?
False
Let l(t) = -t**3 + 6*t**2 - 3*t - 7. Let o be l(5). Suppose -2*a = -o*y - 503, 3*a = -3*y + 55 + 707. Is a a prime number?
False
Suppose -4*g = z - 23, -3*g - z + 30 = 4*z. Is -3615*(-3)/9*(6 - g) a composite number?
True
Suppose -5*u = -5*b + 20, 0 = -3*u - 5*b + b - 12. Let k(d) = 2*d**2 - 3. Let s(q) = q**2 - q - 1. Let t(x) = k(x) + 2*s(x). Is t(u) a prime number?
True
Let h = -309 + 149. Let f be h/6 - 7/21. Let n = 164 - f. Is n composite?
False
Is 112/8 + 9411 - (1 + -7) a composite number?
False
Let l(w) = -11099*w + 371. Is l(-12) a prime number?
True
Let j(s) = 32830*s**3 - 2*s**2 + 8*s - 5. Is j(1) prime?
True
Suppose -357 = -5*u - r, -4*r = -u + 50 + 13. Suppose 4*a - u - 1917 = 0. Is a composite?
True
Let y = -3 - -6. Suppose -5*o + 2331 = -2669. Suppose q + 3*i - o = -q, 3*q - 1503 = -y*i. Is q composite?
False
Suppose 3*h + 367 - 6904 = 0. Is h a composite number?
False
Suppose 0 = -13*k + 28 + 11. Suppose 6 = k*a, -j + 167 = -a + 51. Is j prime?
False
Suppose -5*i + 11350 = 3*q, 2*q = 7*q - 25. Is i a composite number?
False
Suppose 0 = -z - 5 - 1. Let u(r) = -r**3 - 5*r**2 + 3*r - 3. Let p be u(z). Is 393/p + (-4)/20 prime?
False
Let k(m) = 27*m**2 + 50*m + 19. Is k(6) a composite number?
False
Let u be 4/26 + (-2147)/13. Let j be 22/u - (-2)/15. Is (-2)/(6/(-1407)) + j composite?
True
Suppose -12*n + 18424 = -86588. Suppose 3*c - h = 2*h + n, 2*c + 2*h - 5850 = 0. Is c a composite number?
True
Is (0 - -275) + 10/20*-8 a composite number?
False
Let c(w) = 3*w - 40. Let p be c(15). Suppose -10158 = p*v - 11*v. Is v a prime number?
True
Let l(c) = -49*c + 1. Let y be l(3). Let z(h) = 3*h**2 + 3*h - 27. Let u be z(-13). Let a = u + y. Is a a composite number?
True
Suppose 3*z + 7177 = 6*z + 4*m, -5*z + 11971 = 2*m. Is z a prime number?
False
Let a(j) = -1234*j - 11. Is a(-1) composite?
False
Let l = -313 + 2298. Is l a composite number?
True
Suppose 24*f - 6*f = 162. Suppose 0 = r + 2*r + f, -4*r - 6817 = -j. Is j a composite number?
True
Suppose 0*v - v - 3*k + 8551 = 0, -2*v + 17080 = -5*k. Is v a composite number?
True
Suppose -s + 0*s = 3*c - 8230, 8218 = 3*c - 2*s. Suppose -8*y + c + 22882 = 0. Is y a composite number?
False
Let s(t) be the third derivative of 1/4*t**5 + 7/6*t**3 + 0*t - 1/6*t**4 + 0 - 9*t**2. Is s(-4) a prime number?
True
Let w(z) = -3*z**2 + z + 112. Let q be w(0). Let f = -4039 - -2196. Is (-32)/q + f/(-7) prime?
True
Let w = 5758 + -1949. Is w a composite number?
True
Let z = 11 + -7. Let g(c) = -1 + z - 37*c - 4 + 3. Is g(-1) composite?
True
Suppose 4*p - 12 = 2*i + i, 0 = -2*p + i + 6. Suppose -2*n = n + 4*j - 463, p*n = -j + 478. Is n a composite number?
True
Suppose 0 = -3*f - o + 11, 3*o = 3*f - 7 - 8. Suppose d + 6 = f*d. Suppose 2*x = -d*c + 1376, -1391 = -2*c - 0*c - 5*x. Is c 